. Let w be 4/q + 4/14. Suppose 3*f - f - 10 = w. What are the prime factors of f?
5
Suppose -5 + 3 = v. Let d = 7 + v. List the prime factors of (0 + 1)/(1/d).
5
Suppose 3*d - 6 = y + 4, 0 = -5*d + 3*y + 10. What are the prime factors of d?
5
Let r = 4 - 2. List the prime factors of r/(2 - (-8)/(-6)).
3
Let k = 52 - 29. Let d = k - -1. List the prime factors of d.
2, 3
Suppose -o + 1 = 5. Let h = o + 4. Suppose 2*i + 4 = 5*x - h*x, 2*i + x - 8 = 0. List the prime factors of i.
3
Suppose 0*x - 2*x + 6 = 0. Suppose 0 = -x*m - 4*c + 70, -3*c = m + 2*m - 69. List the prime factors of m.
2, 11
Let i(p) be the third derivative of p**6/120 - p**5/10 + p**4/8 + p**3 - p**2. Let g be i(5). List the prime factors of (-1 + 2)/(g/(-72)).
2, 3
Suppose -48 = -m + 22. List the prime factors of m.
2, 5, 7
Let u(n) = -62*n**3 + 2*n**2 + 2*n + 1. Let i be u(-1). Let x = i + -27. Let m = x - 26. List the prime factors of m.
2, 5
Let f = 2 - 0. Suppose 2*c - 4 = f. Suppose -25 = -c*v - 4*n + 3, -4*v - n + 20 = 0. What are the prime factors of v?
2
Suppose -2*i + 98 = 2*z + 2*z, -2*z + 5*i = -67. Suppose -z = 3*d - 5*d. What are the prime factors of d?
13
Let f(d) be the first derivative of -d**4/4 - 8*d**3/3 + 9*d**2/2 - 9*d - 1. Let q be f(-9). What are the prime factors of 2/q - 145/(-45)?
3
Let s(c) = 4*c + 7. Let j be s(5). Suppose 3*o + o - 16 = 0, h - j = -2*o. Let x = h - 11. What are the prime factors of x?
2
Suppose -3*z - 5*i = -32, 0 = -4*i - i - 10. Suppose -5*o = 20, -2*h + 0*o + 2*o + z = 0. List the prime factors of h.
3
Suppose 5*w - 23 = -8. Suppose -w*v + 33 = -3*t, t = -v - 0*v + 7. Let h = v + 2. List the prime factors of h.
11
Let p = 7 - -40. What are the prime factors of p?
47
Let n(m) = m**3 - 2*m**2 - 3*m - 3. Let j be n(-3). Let d = j + 58. What are the prime factors of d?
19
Suppose -3*f + 11 = -70. What are the prime factors of f?
3
Let s(n) = -n**2 + 17*n - 6. What are the prime factors of s(15)?
2, 3
Let j(n) = -n**2 + 4*n + 4. Suppose -2*v - 1 = 1. Let o be 1/(v*(-3)/12). What are the prime factors of j(o)?
2
What are the prime factors of (12/(-4))/((-12)/152)?
2, 19
Suppose 9*i - 150 = 3*i. List the prime factors of i.
5
Suppose -8 = -5*n + 7. Suppose -2*z - 4 = -2*w, -n*w - 30 + 1 = 4*z. Let y(a) = a**2 - 2. List the prime factors of y(w).
7
Let b be -1*(-62 - 1 - 2). Suppose p - 2*p + 29 = -4*l, 5*p - b = 4*l. List the prime factors of p.
3
Suppose -9*m + 75 = -6*m. List the prime factors of m.
5
Suppose l - 2*l = -5*m, 0 = 5*l - 4*m - 21. Suppose -2*o = -63 - 3. Suppose 5*h - 10 = -l*b - 5, 0 = 5*h - 2*b - o. List the prime factors of h.
5
Let w = 6 + -2. Suppose -w*g + g + 18 = 0. What are the prime factors of g?
2, 3
Let p(r) = -4*r - 4. Let f(m) = -m**2 - 7*m + 5. Suppose -3*q + 5*x = 4, 0 = q + 3*q - 4*x + 16. Let y be f(q). What are the prime factors of p(y)?
2
Let j = -10 + 8. Let u be 3*(-2)/4*j. What are the prime factors of ((-8)/10)/(u/(-15))?
2
Let q(c) = -2*c - 10. List the prime factors of q(-17).
2, 3
Let l = -8 - -4. What are the prime factors of 74/9 - l/(-18)?
2
Suppose 0 = -3*l - 4*s + 10, 0*s = -4*l - s + 22. List the prime factors of (-3)/l*1*-32.
2
Let h(y) = 3*y - 6. Let t be h(4). Suppose 3*w - t = 3*c, 0*w + 4*w = -c + 8. List the prime factors of 66/(-4)*w/(-3).
11
Suppose 36 - 92 = -4*x. Suppose a = -2*l + 16, -5*l = -2*a + 88 - 29. What are the prime factors of 270/x + a/(-77)?
19
Suppose -4*j + 15 = j. Let z = j - 0. List the prime factors of z.
3
List the prime factors of (-3)/(-5) + 966/15.
5, 13
Let d(j) = -j**3 - j**2 + 2*j + 4. Let s(f) = -f**2 + 10*f - 5. Let i be s(7). Suppose 4*a - i = 0, r + 2*r + 2*a = -1. What are the prime factors of d(r)?
2
Suppose 0 = -a + 2*a - 2. Suppose j + q = -2, j - a = -0*q + q. Suppose -i + 5*i - 28 = j. List the prime factors of i.
7
Let c(x) = -2*x**2 + 12*x - 17. Let o(g) = g**2 - 6*g + 9. Let b(u) = -4*c(u) - 7*o(u). Let i be b(4). What are the prime factors of (-3)/(i/2) - -13?
3, 5
Let k = 274 - 584. Let r be (-3)/6 - k/4. Suppose 3 = 5*d - r. List the prime factors of d.
2
Suppose -4*n + 6 = 54. Let x = 1 - n. List the prime factors of x.
13
Let p(r) = -2*r - 3. Let q = -5 - -7. Suppose 3*g = -6, -5*m - 41 = -4*g + q*g. What are the prime factors of p(m)?
3, 5
Let r(g) = -g**2 + 8*g - 7. Suppose x - 4*x = -18. Let z be r(x). Suppose 5*y + z*q = 65, -5*y - 2 = -3*y - 5*q. List the prime factors of y.
3
Let q(z) = 8*z - 12. Let w(s) = -s**2 + 6. Let g be w(0). What are the prime factors of q(g)?
2, 3
Suppose -3*h = 4*o - 2*h - 6, 2*h = -4. List the prime factors of ((-19)/o)/((-1)/2).
19
List the prime factors of 4*-33*7/(-12).
7, 11
Suppose 0 = 4*w - 5*v - 221, -4*w + 195 + 17 = 4*v. List the prime factors of w.
2, 3
Let x = 2 - -1. Suppose -h = -x*h. Suppose -n + 2 = f + f, h = 3*n - 2*f - 46. List the prime factors of n.
2, 3
Let c(v) = -v**2 - 14*v - 17. Let z(h) = -2*h**2 - 4*h + 4. Let q be z(-4). List the prime factors of c(q).
7
Suppose 0 = 16*o - 22*o - 48. Let m be 14/(2/((-2)/1)). Let h = o - m. What are the prime factors of h?
2, 3
Suppose -358 = -4*m + 2*a, -3*a + 0*a = m - 86. Let b be -2 + (8 - (-6)/(-3)). Suppose b*s + m = 5*f, -f = -0*f + 4*s - 13. What are the prime factors of f?
17
Suppose 6 = -2*j - 4. Let p = j + 8. What are the prime factors of p?
3
Suppose -3*x - 8 + 26 = 0. Let k = x + -3. What are the prime factors of k?
3
Let n be (-84)/(-10) + (-4)/10. Suppose -2*g + n = -0*g. List the prime factors of g.
2
Let a(y) = -y**2 - 1. Let q(h) = -5*h**2 + 2*h - 4. Let d(f) = 2*a(f) - q(f). What are the prime factors of d(2)?
2, 5
Let r(p) = p + 3. Let b be r(-2). Suppose -j = 4*o - 81, -o + 6*j = 2*j + b. List the prime factors of o.
19
Suppose 5*f + 3*d - 858 = 0, -3*f + 518 = 4*d + d. What are the prime factors of f?
3, 19
Let z = -16 + 44. Let h be z - (-6)/(0 + -2). Suppose -5*c + h = -75. List the prime factors of c.
2, 5
Let w(v) = v**2 + 2*v - 1. Let t be w(1). Suppose -2*m - t*f = -10, 3*m - 12 = -3*f - f. List the prime factors of m.
2
Let k = 262 - 175. Suppose k = -q + 4*q. List the prime factors of q.
29
Suppose 2*k - 4*t = -2*k + 32, 2*k = -t + 1. Suppose 1 = v - k. What are the prime factors of v?
2
Let l = -41 - -73. Let g = l - 12. List the prime factors of g.
2, 5
Suppose 0 = 3*y + y - 48. Suppose 0*l + y = -3*l. List the prime factors of (-7)/l - 1/(-4).
2
Suppose 3*t = 16 + 20. List the prime factors of t.
2, 3
Suppose 3*p = 4*x - 44, -x + 9 = 3*p - 2. List the prime factors of x.
11
Suppose 62 = 4*q - 42. List the prime factors of q.
2, 13
Suppose o - 3*y - 221 = -0*y, -4*o + 864 = -2*y. What are the prime factors of o?
5, 43
What are the prime factors of 2/(-6) + 345/9?
2, 19
Suppose c + 2*c = -4*f + 175, 5*f + 4*c - 219 = 0. List the prime factors of f.
43
Let p = 56 - 38. Suppose -p = -g - 2*g - 2*c, -5*g = -2*c - 14. What are the prime factors of 3/g - (-84)/16?
2, 3
Let f = -66 + 163. List the prime factors of f.
97
Let g(a) = -a**3 - 5*a**2 - 4*a + 3. Let x be g(-4). Let u(m) = 1 - 19*m**3 - m - 2 - 10*m**x + 8*m**3. List the prime factors of u(-1).
3, 7
Suppose 2*o - 9 = -r, 4*r + 4*o = -0*o + 20. Let p be (3 - r) + -4 + 7. Let q(v) = v**2 - 4*v - 2. What are the prime factors of q(p)?
3
Let n(y) = -89*y + 1. Let k be n(-1). Let x = k + -52. Suppose 4*p - 14 = x. List the prime factors of p.
13
Let x be 4/6 + 8/(-12). Let c(v) = v**3 + v**2 + 3. Let r be c(x). Suppose -r*j = -2 - 55. List the prime factors of j.
19
Suppose -2*c + 6 = -0*c. Suppose -3*n + 21 = 2*k, -3*k - 2*n - c*n + 34 = 0. What are the prime factors of k?
3
Suppose -69 = -5*g + 6. Suppose -5*r + 0*r + g = 0. Suppose -3*s = 3*m - 12, r*m - 5*s = -m + 43. What are the prime factors of m?
7
Let j(p) = -p**3 + 11*p**2 - 5*p - 10. Let v be j(10). Suppose -3*h = h - v. Suppose -r + h = -2. What are the prime factors of r?
2, 3
Let z(v) = 10*v - 47. List the prime factors of z(9).
43
Let k = 3 + 74. Suppose 5*p + 27 - k = 0. List the prime factors of p.
2, 5
What are the prime factors of (24/(-10))/(4/(-20))?
2, 3
Suppose y + 0*u - u = 39, -y = 5*u - 69. What are the prime factors of y?
2, 11
Let g = -20 - -12. Let t = -4 - g. Suppose 2*m = -2*v + 18, 0 = v - 4*v - t*m + 24. What are the prime factors of v?
2, 3
Let u(o) = -o**2 - 11*o + 1. Let 